0508?
8
What is the hundred millions digit of 395515086?
3
What is the millions digit of 55430698?
5
What is the hundred millions digit of 155922991?
1
What is the millions digit of 35529682?
5
What is the millions digit of 54832518?
4
What is the ten thousands digit of 115829088?
2
What is the hundreds digit of 479519469?
4
What is the thousands digit of 1840259407?
9
What is the hundred thousands digit of 4347320088?
3
What is the hundred thousands digit of 4558555702?
5
What is the ten millions digit of 421671210?
2
What is the tens digit of 1279241011?
1
What is the units digit of 11046813?
3
What is the millions digit of 1924662492?
4
What is the hundred thousands digit of 87897385?
8
What is the ten thousands digit of 141742000?
4
What is the ten millions digit of 63469603?
6
What is the hundred thousands digit of 489065563?
0
What is the hundred thousands digit of 32812588?
8
What is the millions digit of 133082166?
3
What is the ten thousands digit of 4739922364?
2
What is the hundred millions digit of 819293515?
8
What is the hundreds digit of 1772034411?
4
What is the hundred millions digit of 155517147?
1
What is the tens digit of 2130975686?
8
What is the hundreds digit of 93148415?
4
What is the hundred thousands digit of 188418664?
4
What is the millions digit of 65483689?
5
What is the ten millions digit of 93720749?
9
What is the thousands digit of 2969774434?
4
What is the hundreds digit of 1117923321?
3
What is the hundred thousands digit of 23763807?
7
What is the units digit of 392282951?
1
What is the ten thousands digit of 2500755744?
5
What is the hundreds digit of 147614869?
8
What is the ten millions digit of 127843651?
2
What is the ten millions digit of 672829944?
7
What is the hundred millions digit of 1339059116?
3
What is the hundred thousands digit of 368871994?
8
What is the ten thousands digit of 10896221?
9
What is the tens digit of 523866927?
2
What is the hundred thousands digit of 36434302?
4
What is the hundred thousands digit of 221513398?
5
What is the tens digit of 924829575?
7
What is the thousands digit of 90525684?
5
What is the hundreds digit of 38538105?
1
What is the hundred thousands digit of 11257993?
2
What is the hundreds digit of 26686775?
7
What is the units digit of 2472018?
8
What is the hundred thousands digit of 18706233?
7
What is the units digit of 111282579?
9
What is the ten thousands digit of 151466873?
6
What is the units digit of 2144024864?
4
What is the thousands digit of 74189377?
9
What is the ten thousands digit of 81785?
8
What is the units digit of 29213012?
2
What is the billions digit of 3728722089?
3
What is the hundred thousands digit of 34155881?
1
What is the ten millions digit of 380204378?
8
What is the thousands digit of 39649257?
9
What is the tens digit of 558037676?
7
What is the millions digit of 575551721?
5
What is the ten millions digit of 990040008?
9
What is the thousands digit of 401121774?
1
What is the hundreds digit of 41138743?
7
What is the ten thousands digit of 2643402697?
0
What is the thousands digit of 5077931?
7
What is the hundred thousands digit of 519933243?
9
What is the tens digit of 107466811?
1
What is the millions digit of 48326767?
8
What is the hundred thousands digit of 70320499?
3
What is the hundred thousands digit of 51564522?
5
What is the units digit of 2117663775?
5
What is the tens digit of 597010620?
2
What is the billions digit of 1214770249?
1
What is the ten millions digit of 94577520?
9
What is the thousands digit of 324430646?
0
What is the ten thousands digit of 72392528?
9
What is the units digit of 3479982950?
0
What is the hundred millions digit of 631768188?
6
What is the hundreds digit of 46887675?
6
What is the units digit of 45860213?
3
What is the millions digit of 3829841458?
9
What is the thousands digit of 793488965?
8
What is the hundreds digit of 324596904?
9
What is the thousands digit of 3934908794?
8
What is the ten millions digit of 31207954?
3
What is the hundreds digit of 88458714?
7
What is the millions digit of 372552378?
2
What is the thousands digit of 66981643?
1
What is the tens digit of 1989619192?
9
What is the hundred thousands digit of 524014366?
0
What is the units digit of 39570553?
3
What is the millions digit of 6043693?
6
What is the hundreds digit of 1750060285?
2
What is the ten millions digit of 11389520?
1
What is the tens digit of 146050217?
1
What is the hundred thousands digit of 1869593131?
5
What is the hundreds digit of 282814327?
3
What is the units digit of 100049573?
3
What is the hundreds digit of 715314691?
6
What is the tens digit of 822747714?
1
What is the hundreds digit of 50244974?
9
What is the hundreds digit of 7320628052?
0
What is the ten millions digit of 46233093?
4
What is the hundred millions digit of 367688007?
3
What is the tens digit of 3993892527?
2
What is the ten thousands digit of 30097859?
9
What is the ten thousands digit of 10255459?
5
What is the thousands digit of 243105843?
5
What is the tens digit of 14602673?
7
What is the thousands digit of 687215757?
5
What is the millions digit of 4345395459?
5
What is the units digit of 1145874361?
1
What is the tens digit of 1455595756?
5
What is the thousands digit of 62396500?
6
What is the ten millions digit of 4166377787?
6
What is the hundred thousands digit of 475512728?
5
What is the millions digit of 1843248566?
3
What is the millions digit of 704126495?
4
What is the thousands digit of 104219189?
9
What is the hundred millions digit of 2356822817?
3
What is the ten millions digit of 2085316339?
8
What is the ten thousands digit of 55583383?
8
What is the units digit of 696054524?
4
What is the units digit of 71799097?
7
What is the ten millions digit of 21607990?
2
What is the tens digit of 56083447?
4
What is the units digit of 31548549?
9
What is the thousands digit of 90321540?
1
What is the millions digit of 62996120?
2
What is the hundred thousands digit of 209603970?
6
What is the hundred thousands digit of 997787408?
7
What is the tens digit of 5440533?
3
What is the thousands digit of 3201793303?
3
What is the millions digit of 218843871?
8
What is the hundreds digit of 117948267?
2
What is the units digit of 11424612?
2
What is the ten thousands digit of 133490678?
9
What is the ten thousands digit of 1423507646?
0
What is the millions digit of 196736526?
6
What is the hundreds digit of 687292912?
9
What is the units digit of 1383690643?
3
What is the thousands digit of 226985562?
5
What is the thousands digit of 50893955?
3
What is the units digit of 58037368?
8
What is the millions digit of 124103200?
4
What is the hundred thousands digit of 330440113?
4
What is the tens digit of 5588953?
5
What is the hundred thousands digit of 2079937403?
9
What is the units digit of 130141876?
6
What is the hundred millions digit of 4805250986?
8
What is the units digit of 9180350?
0
What is the units digit of 223207925?
5
What is the millions digit of 157707025?
7
What is the tens digit of 76483997?
9
What is the billions digit of 2171453827?
2
What is the ten thousands digit of 6390247?
9
What is the hundred thousands digit of 2854541224?
5
What is the units digit of 104615832?
2
What is the ten thousands digit of 104029809?
2
What is the hundred millions digit of 667215832?
6
What is the thousands digit of 237117978?
7
What is the units digit of 420385360?
0
What is the hundred thousands digit of 167992315?
9
What is the hundred millions digit of 287860352?
2
What is the ten millions digit of 521037771?
2
What is the hundreds digit of 1770245225?
2
What is the thousands digit of 88879230?
9
What is the millions digit of 308918364?
8
What is the ten thousands digit of 276893775?
9
What is the units digit of 95133776?
6
What is the tens digit of 48102845?
4
What is the hundreds digit of 38495764?
7
What is the billions digit of 2815126525?
2
What is the hundred thousands digit of 38910446?
9
What is the ten millions digit of 354079281?
5
What is the tens digit of 444176863?
6
What is the millions digit of 550341775?
0
What is the ten thousands digit of 9585947?
8
What is the hundred millions digit of 365669760?
3
What is the ten thousands digit of 3317372114?
7
What is the hundred millions digi